posite?
True
Is 4997427011 composite?
False
Is 2595293621 a prime number?
True
Is 37180045285 composite?
True
Is 10717450057 prime?
True
Is 76967417633 composite?
False
Is 9242895787 composite?
False
Is 27715859929 a prime number?
True
Is 236025470593 a prime number?
False
Is 19877463253 prime?
True
Is 8051444507 composite?
False
Is 604751299 a composite number?
True
Is 154814800447 prime?
True
Is 9203419993 a composite number?
False
Is 101048677 prime?
True
Is 28492609641 composite?
True
Is 10282200029 composite?
True
Is 55189949873 a composite number?
False
Is 18487738613 prime?
False
Is 3841010611 a composite number?
True
Is 148619836007 composite?
False
Is 226993747 composite?
False
Is 1336063387 prime?
False
Is 31091455261 composite?
True
Is 68616869533 a prime number?
True
Is 4432927777 a composite number?
False
Is 66727898333 composite?
True
Is 9667382719 prime?
False
Is 807914719 composite?
False
Is 174867918607 prime?
False
Is 507705823 composite?
True
Is 865085159 a composite number?
False
Is 102017599 prime?
True
Is 15551309987 prime?
True
Is 5176054229 composite?
False
Is 3042062447 a prime number?
True
Is 38696781257 composite?
True
Is 19518810377 a prime number?
False
Is 8097501119 a prime number?
True
Is 224209859 a composite number?
True
Is 2033297401 prime?
True
Is 655371053 composite?
False
Is 2051552213 composite?
True
Is 359021107 a composite number?
False
Is 206407639 a prime number?
False
Is 27749903381 composite?
False
Is 25006501049 prime?
True
Is 478654823 a composite number?
False
Is 48334247411 a composite number?
False
Is 675675471 composite?
True
Is 1678993907 composite?
False
Is 69292452721 prime?
True
Is 89328649 prime?
True
Is 17226803863 a prime number?
True
Is 331406209 composite?
True
Is 1840987711 a composite number?
False
Is 185914439 a prime number?
False
Is 645909153 a prime number?
False
Is 2170290259 a composite number?
True
Is 7791326183 a prime number?
True
Is 51809613637 prime?
False
Is 8327275405 composite?
True
Is 68585159 a prime number?
True
Is 8734249385 a prime number?
False
Is 49748015767 prime?
True
Is 267944709829 composite?
False
Is 4379570869 a composite number?
False
Is 3932961979 a prime number?
True
Is 8008314989 composite?
False
Is 24066297467 a prime number?
True
Is 3776603231 prime?
True
Is 2279075477 prime?
False
Is 140003969 a prime number?
False
Is 4766087743 a composite number?
False
Is 2447563931 a composite number?
False
Is 303646547 a prime number?
True
Is 5917943971 composite?
False
Is 1000050523 a prime number?
True
Is 116931684157 a prime number?
True
Is 35432367 a prime number?
False
Is 6793899013 composite?
True
Is 832823837 composite?
True
Is 1799952347 composite?
False
Is 556515941 composite?
False
Is 187994207 prime?
True
Is 35209763899 composite?
False
Is 179908724909 a composite number?
False
Is 25243909099 a composite number?
False
Is 1763750383 a composite number?
False
Is 4539856169 composite?
True
Is 100473010283 prime?
True
Is 1087293261 prime?
False
Is 69249582847 a prime number?
False
Is 11056930013 a composite number?
True
Is 659914253 a prime number?
False
Is 379544153 prime?
True
Is 2550280119 composite?
True
Is 52131560081 prime?
True
Is 642225007 prime?
True
Is 12591149 prime?
True
Is 2032562159 prime?
False
Is 3830648147 a prime number?
False
Is 45851770929 a prime number?
False
Is 653577479 composite?
True
Is 391007413 prime?
True
Is 37317821273 a composite number?
False
Is 889086567 composite?
True
Is 12096154349 prime?
True
Is 17151379429 a prime number?
True
Is 19859285053 a prime number?
True
Is 172092449 a prime number?
False
Is 3500255453 prime?
True
Is 8260292041 composite?
False
Is 43854767339 a composite number?
False
Is 1976316233 a composite number?
False
Is 4918461971 a composite number?
False
Is 23233809229 a prime number?
False
Is 53026029473 prime?
True
Is 3241767799 a composite number?
False
Is 67428143 a prime number?
False
Is 166867668021 composite?
True
Is 2486406577 composite?
False
Is 2121836209 prime?
False
Is 8343963986 composite?
True
Is 5548715681 a composite number?
False
Is 3311567801 prime?
True
Is 115907924749 prime?
True
Is 47422680155 prime?
False
Is 20290712285 a prime number?
False
Is 447158177 a composite number?
True
Is 14852661581 composite?
False
Is 9986433241 composite?
True
Is 17688409931 prime?
False
Is 2831489 composite?
False
Is 2022174619 composite?
False
Is 51834854563 a prime number?
False
Is 2477113139 composite?
False
Is 472997597 composite?
True
Is 8321519233 a prime number?
False
Is 1117528463 a composite number?
False
Is 1124783511 a composite number?
True
Is 109262779 a prime number?
False
Is 605758343 a composite number?
False
Is 1898847029 a prime number?
False
Is 1294556969 prime?
True
Is 289792289 prime?
False
Is 2891617997 prime?
True
Is 5967046601 a composite number?
True
Is 588260549 prime?
True
Is 2432531249 a prime number?
True
Is 6647260099 a composite number?
True
Is 336785753 composite?
True
Is 5318304073 prime?
False
Is 1549902526 prime?
False
Is 481697687 a composite number?
True
Is 1166896249 prime?
True
Is 89325805 composite?
True
Is 2263289023 a composite number?
False
Is 817316069 a prime number?
True
Is 2285630783 a prime number?
False
Is 1714487149 prime?
True
Is 29008059367 prime?
False
Is 17112120665 a composite number?
True
Is 1506968297 a composite number?
False
Is 1595194621 composite?
True
Is 860824829 composite?
False
Is 36248410193 composite?
False
Is 4992896479 a composite number?
True
Is 9899016791 composite?
True
Is 528074437 composite?
True
Is 1102767307 a composite number?
False
Is 31075433549 a composite number?
True
Is 6912293 prime?
False
Is 72321943363 prime?
True
Is 2449423153 prime?
True
Is 1385699893 a composite number?
True
Is 3765122641 a composite number?
True
Is 48821867 a composite number?
False
Is 29329811395 a prime number?
False
Is 608287949 a prime number?
True
Is 127871241473 a prime number?
True
Is 21896836583 a prime number?
True
Is 317214767 a prime number?
False
Is 35008408559 prime?
True
Is 5124848023 a prime number?
False
Is 688542599 a prime number?
True
Is 428403601 prime?
False
Is 21902220881 composite?
True
Is 4582461161 composite?
False
Is 51933064037 a composite number?
False
Is 13066743919 a composite number?
True
Is 33635074483 composite?
True
Is 279796204221 prime?
False
Is 280675277 composite?
True
Is 3200887087 prime?
False
Is 302938117 a composite number?
False
Is 1955230699 prime?
True
Is 3170307313 a prime number?
False
Is 947814251 composite?
True
Is 37452166487 composite?
False
Is 13082646899 a prime number?
False
Is 6426932623 prime?
True
Is 105260929561 composite?
True
Is 50224687 a composite number?
False
Is 122086901 composite?
False
Is 5367794881 composite?
True
Is 3275367541 a prime number?
True
Is 26056013987 prime?
False
Is 9182891986 a prime number?
False
Is 22696030171 composite?
False
Is 39513152069 composite?
False
Is 20576873851 a composite number?
False
Is 65571226111 a prime number?
False
Is 1435105699 composite?
True
Is 3698521499 a prime number?
True
Is 1920510611 a prime number?
False
Is 939278429 composite?
True
Is 317810869 prime?
False
Is 521680877 a composite number?
True
Is 1572972941 a prime number?
True
Is 122617571371 composite?
True
Is 4567870949 a prime number?
True
Is 36491233 a composite number?
False
Is 168166751 composite?
False
Is 131249879645 a composite number?
True
Is 170227455749 a composite number?
True
Is 21118606907 a prime number?
True
Is 19786621081 prime?
False
Is 142511483 a prime number?
True
Is 550450423 prime?
False
Is 39506390789 a prime number?
True
Is 283349151209 a composite number?
True
Is 189958633 composite?
True
Is 755297723 a prime number?
False
Is 127909393 prime?
True
Is 72763021 composite?
False
Is 44780292119 a composite number?
False
Is 25538005741 composite?
False
Is 812134319 a prime number?
False
Is 7247066299 a composite number?
True
Is 1383836657 a composite number?
True
Is 100676640377 composite?
False
Is 60574249 prime?
False
Is 48164881819 a prime number?
True
Is 23941961 composite?
False
Is 19140104167 composite?
False
Is 26910378221 a composite number?
True
Is 2114130623 prime?
False
Is 4039321619 a prime number?
False
Is 22428023183 a composite number?
True